st common factor of m and w?
11
Suppose 2*o + 525 = 581. Calculate the highest common factor of o and 896.
28
Suppose 2*q - 1440 = -13*q. Let a = -30 + 62. What is the greatest common divisor of a and q?
32
Suppose 7 = m + 51. Let l = m + 29. Let g be 9912/90 - (-2)/l. Calculate the highest common factor of 10 and g.
10
Suppose 169 + 282 = k. What is the highest common factor of 41 and k?
41
Let d(q) = 15*q - 118. Let r be d(9). Let b(o) = 2*o**2 + 13*o + 6. Let u be b(-9). Calculate the greatest common factor of u and r.
17
Let r = -43 - -267. Calculate the highest common factor of r and 84.
28
Let q(k) = -k**3 + 11*k**2 - 3*k - 8. Let d be q(8). Calculate the greatest common divisor of 64 and d.
32
Let y = -17 + 10. Let q = y - -19. Let o be (78 + 6)/(-2*1/(-2)). What is the greatest common divisor of o and q?
12
Suppose -67 = -32*f + 573. Calculate the highest common divisor of f and 12.
4
Let r(i) be the third derivative of i**5/3 - i**4/12 + i**3/6 + 6*i**2. Let n be r(1). Calculate the greatest common factor of n and 171.
19
Suppose -8*g + 15 = -3*g. Let p be g + -1 + 0 + 19. Let i = p + -10. What is the highest common divisor of i and 77?
11
Let g be 10 + -2*3/2. Suppose -t = -g - 5. Suppose 0 = t*y - 7*y - 600. What is the highest common divisor of 30 and y?
30
Let z = -1144 + 1676. What is the greatest common factor of z and 21?
7
Let x be (-20)/((-4)/48*-4). Let f = 92 + x. Calculate the greatest common divisor of 160 and f.
32
Let b(y) = -y**3 + 5*y**2 + 8*y - 8. Let h be b(6). Let o = h - -3. What is the highest common divisor of o and 28?
7
Let c be 4 + 60 + (-16)/(-2). Calculate the greatest common divisor of c and 792.
72
Let j be 39/9 + 4/6. Suppose -5*w - 6 = 4, -j*w = -x + 8. Let t be ((-13)/x)/(1/16). Calculate the greatest common divisor of 13 and t.
13
Let a = 718 + -700. What is the greatest common factor of 1494 and a?
18
Let r = -73 - -76. Let q be r*(-8)/(-6)*57. Calculate the highest common factor of 12 and q.
12
Let r(p) = 2*p**2 + 7*p + 5. Let v be r(-4). Let h(c) = -c**2 - 7*c - 3. Let o be h(-3). Calculate the greatest common factor of o and v.
9
Let p(g) be the second derivative of -g**5/20 + 13*g**4/12 + 31*g**3/6 + 6*g**2 + 21*g. Let m be p(15). Calculate the greatest common factor of 189 and m.
27
Suppose 23 + 367 = 13*l. Suppose -5*g = -2*b - 13 + 42, -5*b + 59 = g. Suppose -b = 2*a - 32. What is the greatest common divisor of a and l?
10
Let o = 35 - 18. Suppose -o = -2*a + 93. Calculate the highest common divisor of 22 and a.
11
Let w(j) = j**3 - 2*j**2 - 2*j - 80. Let s be w(0). Let a = -47 - s. What is the highest common factor of a and 55?
11
Let f(y) = -9*y + 488. Let m be f(0). Calculate the greatest common divisor of m and 24.
8
Let j be (-8)/18 - 4299/(-27)*2. Calculate the highest common factor of j and 12.
6
Suppose -1 - 11 = -3*r. Suppose 0 = -2*c - r*x - 12, 2*c = -x - 27 + 6. Let s be (-40)/c*(-48)/(-20). Calculate the greatest common divisor of s and 72.
8
Let z(f) = 44*f - 4. Let d be z(2). Let p be (-70)/21*((-36)/10 - 0). What is the greatest common divisor of d and p?
12
Suppose 12*m - 7*m + 3*q = 79, -5*m = 5*q - 75. What is the highest common factor of 884 and m?
17
Let q = 131 - -199. Suppose -5*f + q = s + 2*s, 3*f - 330 = -3*s. What is the greatest common divisor of 10 and s?
10
Suppose -j + 7 = c + 3*j, -2 = c - 5*j. Let f be 2 + 5/(5/517). Suppose -4*s = -c*k - 420, 2*k + f = 4*s + 95. Calculate the highest common divisor of 12 and s.
12
Let l be (39/(-52))/(231/116 - 2). Calculate the highest common factor of 232 and l.
29
Let z = 516 - 501. What is the greatest common factor of 6 and z?
3
Suppose a - 391 = 8*d - 12*d, -a = 2*d - 193. Calculate the highest common factor of 22 and d.
11
Suppose o = -o + 4*t + 14, 0 = 5*o + t - 13. Suppose o*k + 2*k - 46 = -c, 2*k - 5*c = 13. What is the highest common factor of 1 and k?
1
Suppose -7*q = -10 - 4. Suppose -3*w + q = -b - 3, 4*b + 2*w = 36. Calculate the highest common factor of b and 77.
7
Let f(u) = 2*u**3 - 10*u**2 + u + 13. Let b be f(5). What is the greatest common divisor of b and 150?
6
Let t(s) = s**2 - 19*s + 40. Let y be t(19). Suppose y = 13*k - 9*k. Let i = -6 + 46. Calculate the greatest common divisor of i and k.
10
Let y(s) = s**2 + 10*s + 4. Let j be y(-10). Suppose 0 = -4*m + j + 12. Suppose -5*w = -41 + 1. What is the greatest common factor of w and m?
4
Suppose -8*o + 110*o + 138*o - 2880 = 0. Let n be (-8)/1*(-1 + -5). Calculate the highest common divisor of n and o.
12
Suppose q - 127 = -75. Calculate the highest common factor of 20 and q.
4
Let l(a) = 5 - 5*a + 4 + a**3 + 7 + 3*a + 16*a**2. Let m be l(-16). Calculate the highest common factor of m and 528.
48
Let x be (-2)/(-4) + 4371/186. Calculate the greatest common factor of x and 150.
6
Let v be (0 - -2)/((-6)/(-33)). Let s(n) = 6876*n**2 - 2*n - 1. Let i be s(-1). Let d be (-1)/6 - i/(-78). What is the greatest common factor of v and d?
11
Let l be 6 + -3 + 66 - (-16)/(-4). What is the greatest common factor of 455 and l?
65
Let k = 71 - -25. Calculate the highest common divisor of 66 and k.
6
Let h = 16 + -20. Let d(l) = -5*l - 8. Let u be d(h). Calculate the highest common factor of 48 and u.
12
Let k(u) = u**3 - 2*u. Let o be k(2). Suppose o*f + 5*m - 1 = 7, 5*m - 20 = 0. Let t be (-135)/(-30)*(-4)/f. What is the greatest common factor of 15 and t?
3
Let d(y) = -y**3 - 6*y**2 - 9*y. Let i(z) = z**2 - 1. Let a(g) = -d(g) + 3*i(g). Let o be a(-7). Calculate the greatest common divisor of 16 and o.
16
Suppose 4*r + 2*d = 3*d + 471, -2*r + 243 = -3*d. Calculate the highest common divisor of 975 and r.
39
Suppose 2*x - 17 = 5*k, 2*k + 6 = x - k. Suppose 48 = r - 183. Calculate the greatest common divisor of r and x.
21
Suppose 4*x - 586 + 58 = 0. Calculate the greatest common divisor of x and 704.
44
Suppose -2*z - 1834 = -2*q, 72*q - 1855 = 70*q - 5*z. Calculate the highest common divisor of q and 120.
40
Let w be 16 - (-2 - 4/(-1)). Suppose -3*y - 8 = -w. Suppose y*s = 27 + 45. What is the greatest common divisor of s and 144?
36
Let l = -17 + 22. Suppose 0 = l*h + 76 - 236. What is the greatest common factor of 128 and h?
32
Suppose -51*c + 60 = -39*c. Let x(o) be the first derivative of 15*o**2/2 + 10*o + 1. Let g be x(c). What is the highest common factor of 34 and g?
17
Suppose 2*n - 5*m - 37 = -0*n, -m - 5 = 0. What is the highest common divisor of n and 192?
6
Let n = -28 + -20. Let u be ((-4)/(-16))/((-4)/n). Suppose -u*j - 8 = -4*j. What is the highest common divisor of j and 8?
8
Let y = 3 - 9. Let p = y - -17. Let a be (-1)/3 - (-464)/6. Calculate the highest common divisor of a and p.
11
Let m(c) = -2*c**2 - 3*c + 1. Let k be m(-3). Let f = -4 - k. Suppose 5*j - 165 = -0*u + 3*u, 4*j + f*u = 132. What is the greatest common factor of j and 11?
11
Let m(v) = 68*v - 15. Let t be m(3). Suppose -6*r + 3*r = -81. What is the highest common factor of t and r?
27
Suppose 3*v + 65 - 213 = 4*m, -5*v = -m - 275. Let r = 36 - 22. What is the highest common factor of v and r?
14
Suppose -70*p + 43*p = -1755. What is the greatest common factor of p and 5?
5
Let j be (-129)/(4 + -5) - -6. What is the highest common factor of j and 54?
27
Let s be (4 - -1)/(100/2760). Calculate the highest common factor of 6 and s.
6
Let t(x) = -63*x**2 + 3*x - 2. Let d be t(1). Let q = -45 - d. Calculate the greatest common divisor of q and 119.
17
Let x = -22 + 23. Let y be x/7 - (-836)/28. What is the highest common factor of y and 45?
15
Let q(l) = -8*l + 1. Let z be q(-3). Let s be 2/(-10) - (-130)/z. Calculate the highest common divisor of s and 35.
5
Let x = 37 - -421. Let d = x - 278. What is the greatest common divisor of d and 20?
20
Let v(t) = 17*t + 542. Let y be v(-30). Let z(r) = -r**2 + 6*r + 8. Let w be z(6). Calculate the greatest common divisor of y and w.
8
Let a(p) = -25*p**3 + p + 1. Let b(f) = 7*f - 4. Let q be b(3). Let w = q - 18. Let r be a(w). Calculate the greatest common divisor of 275 and r.
25
Let v(u) = u**2 - 4*u. Let k be v(4). Suppose -4*o + 3*o + 2 = k. Suppose -o*g = -g - 32. What is the greatest common divisor of 80 and g?
16
Let z(t) = -t**2 + 10*t + 9. Suppose 0 = -4*y - 0 + 16. Suppose 6 = 2*x + x, -2*f + 6 = -y*x. Let v be z(f). What 